 - (-2 + y)?
2
Suppose 4*z + 0*p = -p + 330, -3*z + 236 = -5*p. What are the prime factors of z?
2, 41
Let z = -48 - -28. Let k = 18 - z. What are the prime factors of k?
2, 19
Suppose 5*g + 14 = 2*z, z + 3*z - 18 = 5*g. Let b be (-1 + z)/((-4)/(-52)). Suppose -u = -b + 3. List the prime factors of u.
2, 5
Suppose 3*s - 7*s + 369 = t, 2*t = s - 81. Suppose -5*y + 24 + s = 0. List the prime factors of y.
23
Let f(w) = w - 2. Let v be f(2). Suppose v*y = y. Suppose y = -4*r + 25 - 5. List the prime factors of r.
5
Let f = -8 - -12. Let z(p) = -2*p**3 + 3*p**2 - 9. Let d(g) = -g**3 + g**2 - 5. Let w(b) = 5*d(b) - 3*z(b). List the prime factors of w(f).
2
Let i be (-1 + 3)/((-6)/(-9)). Suppose 0*w - i*w = -105. List the prime factors of w.
5, 7
Let n = 2 + -2. Suppose n = -3*z + 55 + 89. List the prime factors of z.
2, 3
What are the prime factors of -6*3/(-45) + (-1884)/(-15)?
2, 3, 7
Suppose -3 = 2*h - 9. Suppose -12 = h*s - 6*s. Suppose 53 - 9 = s*w. What are the prime factors of w?
11
Let s = 3 - 1. Let y(z) = -5*z - s + 6*z**2 - z**3 + 1 + 6*z. List the prime factors of y(6).
5
Suppose -t - 5 + 0 = 0. Let m(w) = w - 2. Let y be m(9). Let z = t + y. What are the prime factors of z?
2
Suppose h + 2*h - 18 = 0. Let q = 5 - 8. Let i = h + q. List the prime factors of i.
3
Let k be (9/(-2))/((-1)/(-2)). Let h = k - -13. Suppose 0 = -4*y + 2*n + 38, -4*y + h + 31 = -n. What are the prime factors of y?
2
Suppose x + d - 4*d - 114 = 0, -3*x + 368 = 4*d. List the prime factors of x.
2, 3, 5
Let w(y) = y**2 + 15*y - 24. List the prime factors of w(10).
2, 113
Let n = -23 + 15. Let t(c) = c**3 + 7*c**2 - 12*c - 5. Let b be t(n). Suppose -d - b = -4*d. List the prime factors of d.
3
Suppose -5*j + 138 = -62. List the prime factors of j.
2, 5
Suppose 3*h = -h + 32. What are the prime factors of h?
2
Let a(k) = -9*k - k**2 - 3 + 2*k**2 + 1. What are the prime factors of a(10)?
2
Let v = -2 + 4. Suppose 0 = k - 0*i + v*i - 4, -k - 3*i + 4 = 0. What are the prime factors of k?
2
Let v = 7 + -4. Suppose 2*j - v - 1 = 0. Suppose 0 = -j*s - 3*s + 85. List the prime factors of s.
17
Let q = -3 - -15. What are the prime factors of (-4)/(-2) - (-60)/q?
7
Suppose 0*w = 3*w. Suppose -4*f + t + 3*t + 88 = w, -74 = -3*f - 5*t. List the prime factors of f.
23
Let n(q) = -q**2 + q + 5. Let m be n(0). Suppose -2*i = -4*x - 5 + 75, 2*x - m*i - 55 = 0. What are the prime factors of (-10)/x - 17/(-3)?
5
Let k = -53 + 104. List the prime factors of k.
3, 17
Suppose j - 4 = 22. Let z = 42 - j. List the prime factors of z.
2
Let v(k) = -8*k + 40. What are the prime factors of v(-14)?
2, 19
Let u = 275 + -99. What are the prime factors of u?
2, 11
Suppose -3*s = -2*s + 11. Let r(n) = -n**3 - 11*n**2 - n - 8. Let o be r(s). Let z(g) = 2*g. What are the prime factors of z(o)?
2, 3
Suppose 0 = -2*v + 46 - 6. Suppose x - 28 = v. Suppose 0 = -2*k - k + x. List the prime factors of k.
2
Suppose 15 = -5*r + 3*y, -4*y + 34 - 14 = -2*r. Suppose r*q - 3*q = -42. Let h = -5 + q. What are the prime factors of h?
3
Suppose 286 = 4*x + 2*i, 4*x + 6*i = i + 283. What are the prime factors of x/5 - 24/(-40)?
3, 5
What are the prime factors of 100 - ((-3 - -2) + 6)?
5, 19
Let g = -14 + 6. Let w be 4*-1*(-1 + 5). Let d = g - w. What are the prime factors of d?
2
Let g be 7 + 1*(0 - -1). Suppose -4 = -l - 2. What are the prime factors of 4 + -3 - (l - g)?
7
Let p = -73 - -86. List the prime factors of p.
13
Suppose u - 2*u = -3*n - 1, u - 1 = 5*n. Suppose -4*s + 1 + 11 = n. Suppose 2*h - 6*h + 5*f = -58, -s*h - f = -34. What are the prime factors of h?
2, 3
What are the prime factors of (111/(-24)*-2)/((-7)/(-28))?
37
Let u(x) = -11*x - 29. List the prime factors of u(-13).
2, 3, 19
Let a be (1*-2)/(1/(-2)). Suppose 4*g + 6 = 5*m - 78, 44 = 3*m - 4*g. Suppose a*s - m = 16. What are the prime factors of s?
3
Let l be 5/(30/32)*3. Suppose 14 = -l*t + 18*t. List the prime factors of t.
7
Suppose -g = -6*z + z + 75, -3*g = 5*z - 75. What are the prime factors of z?
3, 5
Let h(a) = a**3 - 5*a**2 + a - 3. Let u be h(5). Suppose -3*n - 3 = -u*n. List the prime factors of (19 - 0/n) + 2.
3, 7
Let y = 5 - -41. List the prime factors of y.
2, 23
Let c be (0 + 2/3)*15. Let m = -6 + c. Let t(k) = -k**3 + 6*k**2 - 6*k + 3. What are the prime factors of t(m)?
11
Suppose -5*g = -1 - 24. Suppose 2*q - 12 = -2*q. Suppose q = o - g. What are the prime factors of o?
2
Suppose 2*g - 185 = 2*b + 121, 2*b = -g + 150. List the prime factors of g.
2, 19
Let d(v) = -v**2 - 8*v - 3. Let y be d(-7). What are the prime factors of 20*(4 + (y - 7))?
2, 5
Suppose t = -t + 76. List the prime factors of t.
2, 19
Suppose 8 = 2*d, 5*t = -5*d + 32 - 12. Suppose -b - b - 12 = t. What are the prime factors of 9*3/b*-2?
3
Let v = -6 + 5. Let w(z) = -23*z**3 + 2*z + 1. List the prime factors of w(v).
2, 11
Let w(g) be the first derivative of g**3 - g**2/2 + 2. Let j be w(1). Suppose j*q = 4*q - 10. What are the prime factors of q?
5
Let k be (-2)/(-6) - (-14)/3. Suppose k*m - 5*z - 2 = 8, 12 = 2*m + 2*z. Suppose 2*j - m = -0. List the prime factors of j.
2
Let q = -37 - 42. Let f = -29 - q. List the prime factors of f.
2, 5
Let o(p) = p**3 - 15*p**2 - 2*p + 8. What are the prime factors of o(16)?
2, 29
Let f(k) = -4*k + 9. Let z be f(-9). Let g = 80 - z. What are the prime factors of g?
5, 7
Suppose 1543 = 5*c + o, -6*c + 5*c = -4*o - 296. List the prime factors of c.
2, 7, 11
List the prime factors of -7*1/(1/(-6)).
2, 3, 7
List the prime factors of ((-9)/(-4))/((-6)/2)*-28.
3, 7
Suppose -4*b + 5*q = 40, 3*b + 3*q - 1 = -q. Let l(n) = -2*n - 7. Let o be l(b). Suppose -g + o = h - 1, 2 = -2*h + 3*g. List the prime factors of h.
2
Suppose 0 = -i - 3*x + 1, i - 4*x + 44 = 17. Let g be 10/(-55) - (-515)/i. Let z = -30 - g. List the prime factors of z.
17
Suppose -g + 12 = 2*y - 89, 5*g = y + 549. What are the prime factors of g?
109
Let z(s) = -7*s - 21. Let q be z(-9). Suppose 4*b = 18 + q. What are the prime factors of b?
3, 5
Suppose 3*z - 3 = 9. Suppose -8 = 2*x - z*x. Suppose x*b - 48 = -2*f, 4*f + 73 = -b + 6*b. What are the prime factors of b?
13
Let d be 4*2/(-6)*3. Suppose 5*v - 2*q = 35, 0 = 2*v - 4*q - 14. Let c = v - d. List the prime factors of c.
11
Let p(k) = -k**2 + 7*k + 5. Let z be p(7). Suppose -z*b - 15 = 25. Let o = 4 - b. What are the prime factors of o?
2, 3
Let o(x) = x**3 - 5*x**2 + 5*x. Let i be o(4). Suppose g - 14 = 5*c - 0*c, g = i*c + 13. What are the prime factors of g?
3
Suppose 3*w - 3*z = 9, -5*z - 3 = w - 0*w. Let q(y) = -2 - w*y - 1 + y. List the prime factors of q(-8).
5
Let m(d) = -d**3 + 7*d**2 + 6*d - 9. List the prime factors of m(6).
3, 7
Let j = 9 + 78. List the prime factors of j.
3, 29
Let y = -2 - -7. Let v = -3 + y. What are the prime factors of v?
2
Let g(p) = 3*p**2 - 3*p - 1. What are the prime factors of g(3)?
17
Suppose -4*m = -6*m + 322. What are the prime factors of m?
7, 23
Let f(s) = -s + 9. Let q be f(7). Suppose -q*w = -4*b + 5*b - 9, -4*b = w - 15. What are the prime factors of w?
3
Suppose -s - 45 = -4*b - 18, 2*b = 3*s + 21. List the prime factors of (b/(-4))/((-5)/70).
3, 7
Suppose 2 + 8 = 2*a. Suppose 156 = 5*v - 2*d, a*d + 4 = v - 18. What are the prime factors of v?
2
Suppose 5*h + 4*v = 84, -2*h + 36 + 0 = 4*v. Let f(b) = b**3 - 7*b**2 + 9*b - 9. Let g be f(6). Let p = h - g. What are the prime factors of p?
7
Suppose -3*u = -7*u + 24. Let b(c) = 5*c. Let n be b(3). Suppose -u*j + 4 = -2*j - 4*q, -5*j + 3*q + n = 0. List the prime factors of j.
2, 3
Let d(o) be the first derivative of o**4/4 - 5*o**3/3 + o**2/2 + 3*o + 1. List the prime factors of d(5).
2
Let r(x) = -x**3 - 2*x**2 + 2*x + 4. What are the prime factors of r(-4)?
2, 7
Let v be 2 - (0 + 2)*1. Suppose 4*y + 21 = 3*h, -3*h + 2*h - y + 7 = v. Suppose h = u - 9. List the prime factors of u.
2
Let p = 2 + 0. Let y be 30/(-4)*4/(-6). Suppose -3*m + p*a + 24 = 3*a, y*m + 5*a - 40 = 0. What are the prime factors of m?
2
Let r = -116 - -205. List the prime factors of r.
89
Let x = -7 - -6. List the prime factors of (4 - 3)*(x + 36).
5, 7
Suppose -4*i + 2*v = -8 - 0, -3*i + 6 = 4*v. Suppose i*l + 3*l = 40. Let k = -5 + l. List the prime factors of k.
3
Suppose -c + 4*c = 366. List the prime factors of c.
2, 61
Supp